 - 4 = -4*k, z + 12 = 3*k + 1. Determine h(k).
8
Let q(u) = 39*u**2 - 40*u**2 + 45 - 8*u - 53. What is q(-2)?
4
Let d = -6 + 3. Let g(z) be the third derivative of 0 - 1/24*z**4 + 1/60*z**5 + 0*z + 2/3*z**3 - 17*z**2. What is g(d)?
16
Let c(v) be the third derivative of v**6/120 - v**5/30 + v**3/2 - 29*v**2 - v. Determine c(3).
12
Suppose g + 0*g + 2*j = -4, 0 = 3*g - 3*j - 24. Let m(y) = -y**3 + 6*y**2 - 4*y + 2. What is m(g)?
18
Let r be (-9 - 1 - -1) + 3. Let k(a) = -3*a + 6. Let i be k(r). Let z be (12/i)/((-1)/2). Let g(v) = v**3 - v**2 - 2*v - 1. Calculate g(z).
-1
Let x(n) be the third derivative of n**5/60 - 3*n**4/8 + 5*n**3/6 + 5*n**2 + 21*n. What is x(2)?
-9
Let t = 5113 - 5105. Let u(g) = 2*g**3 + 8*g**2 + 4*g + 2. Let w(z) = -z**3 - z. Let j(o) = u(o) + 3*w(o). Determine j(t).
10
Let q(i) = 7*i + 14. Let g be q(-3). Let f(r) be the first derivative of -3*r**2 + 3*r + 2 - 1/3*r**3. Determine f(g).
-4
Let q = -19 - -22. Let n(t) = t + 1. Let k(b) = -2*b - 2. Let m(j) = q*n(j) + k(j). Give m(6).
7
Let m(n) = n + 2. Let l(a) = -1. Let u(d) = 4*l(d) + m(d). Suppose -3*z - 15 = 3*h - 4*z, 0 = -4*z. Let g be -18*(-2 - h/3). Determine u(g).
4
Let a(q) = 2*q + 7. Let s(c) = -c**3 - 3*c**2 + c - 3. Let x be s(-3). Let n(p) = 3*p + 13. Let k(m) = x*n(m) + 11*a(m). Calculate k(2).
7
Suppose s = -2*s + 2*n + 25, 4*s - 3*n - 34 = 0. Let g(h) = h**2 - 6*h - 4. Let b(q) = q**2 - 6*q - 4. Let u(p) = 6*b(p) - 5*g(p). What is u(s)?
3
Let a(z) be the third derivative of -z**5/120 - z**4/12 + 17*z**3/6 + 11*z**2. Let l(v) be the first derivative of a(v). What is l(5)?
-7
Let q(r) be the first derivative of 3*r**2/2 - r + 500. Let b be (0 - 1)/((-2)/10). What is q(b)?
14
Let k(l) be the third derivative of 14*l**2 + 0*l - 3/2*l**3 + 0 + 1/12*l**4. Let h(j) = j**2 + j. Let x be h(2). Determine k(x).
3
Let p(x) = -4121 + 4*x + 8240 - 3*x - 4125. Suppose 3 - 12 = -3*q. Suppose -2*y = -y + 4*h + q, 0 = -h - 3. Give p(y).
3
Suppose -30*k + 18 = -31*k. Let l be -4*2/(-12)*k/12. Let f(n) = -4*n**2 - n. Determine f(l).
-3
Let r(x) = -5*x - 5. Let w(h) = 14*h + 411. Let n be w(-29). Determine r(n).
-30
Let u = -4 + 9. Let v(s) = -7*s - 5. Let m(j) = -11*j - 8. Let i(z) = u*m(z) - 8*v(z). Suppose -a + 3*x + 17 - 5 = 0, -3*a - 3*x + 12 = 0. Determine i(a).
6
Let k(a) = a**3 + a**2 - a - 1. Let d(z) = -2*z**3 - z**2 - 2*z + 5. Let o(s) = d(s) + 3*k(s). What is o(3)?
32
Let w(r) = 2*r**2 - 22*r + 9. Let i = -3038 + 3048. Give w(i).
-11
Let j = 130 + -130. Let t(k) = -k - 12. Calculate t(j).
-12
Suppose -5*t + 10*t + 44 = 3*d, 0 = 3*t + d + 18. Let u(s) be the first derivative of -s**3/3 - 5*s**2/2 + 9*s - 1. Determine u(t).
-5
Suppose 4*n + 5 = 9, 0 = -5*t - 2*n - 68. Let o(a) = -a - 31. Calculate o(t).
-17
Let j(h) be the first derivative of 3*h**2/2 - 26*h - 7. Let b be j(7). Let c(i) = i**3 + 4*i**2 - 5*i + 4. What is c(b)?
4
Let d(b) = 10*b + 163. Let w be d(-17). Let i(t) = t**2 + 8*t - 9. What is i(w)?
-16
Let p(n) = -979358*n + 25 + 26 + 979354*n. Calculate p(9).
15
Let l(v) = 155*v + 45. Let d(g) = -g**2 - 16*g - 15. Let i be d(-10). Let w(b) = 7*b + 2. Let h(j) = i*w(j) - 2*l(j). Determine h(1).
5
Suppose 50 = 2*a - 41*b + 45*b, -4*a + 45 = -3*b. Let v(m) = -m**3 + 15*m**2 - m + 20. What is v(a)?
5
Suppose 6 = g + k, -5*g = -2*k - 3 + 1. Let n be (g/6)/(5/60). Let p(i) = -9 + 21 - 8 + 3*i. Determine p(n).
16
Suppose 3 = 5*j - 92. Suppose v = 3*v + 5*q - 8, 5*q = v - j. Let z(s) = -s**2 + 10*s - 4. Calculate z(v).
5
Let d(z) = -z**2 + z + 1. Let s(x) = 3*x**2 + 4*x + 3. Let n(i) = 2*d(i) - s(i). Let h = 35 - 37. Determine n(h).
-17
Let j(z) = z**3 - 2*z**2 - 2*z - 4. Let f(b) = 5*b**3 - 9*b**2 - 11*b - 21. Let x be -3*(-3)/(9/11). Let w(c) = x*j(c) - 2*f(c). Let m = -6 - -10. What is w(m)?
-2
Let t(s) be the third derivative of -s**6/120 - s**5/60 + s**4/12 - 2*s**3/3 + 3*s**2. Suppose 0 = -3*a + 2*b - 20, b + 5 + 0 = 0. Let x = a + 7. Give t(x).
8
Let l = -2 - -5. Let c(i) = l*i + 0*i + i**2 - 2 - 2*i. Let a(h) = 12*h + 69. Let d be a(-6). What is c(d)?
4
Let o(b) = 4*b**2 + 5 - 5 + b**3. Suppose x = -0*x + d - 9, -2*d = -x - 14. Let u be o(x). Let r(s) = s**3 + s**2 - s + 6. Calculate r(u).
6
Let v(i) = 2*i**2 + i. Let p(d) = 14*d**2 + 6*d - 2. Let c(q) = -p(q) + 6*v(q). Give c(3).
-16
Let r(t) = t**3 - 7*t**2 + 6*t + 7. Let j(i) = 2*i + 15. Let l be j(-7). Suppose 0 = -w + 4 + l. What is r(w)?
-13
Let k(l) = -l + 4. Let w = 13 + -8. Let x(y) = 3*y - 19. Let n be x(7). Suppose -w*s = -22 + n. What is k(s)?
0
Let x(c) = c + 2. Let i be x(0). Suppose s + 0 - 3 = 0. Let v(z) = 7*z**i - 18*z - z**s + 11*z - 6 + 4. Calculate v(6).
-8
Let t(a) = -8*a + 65. Let i(b) = -b - 11. Let l(q) = 6*i(q) + t(q). Suppose 3*j + j = 16. Suppose -v - 5 = j*v. Determine l(v).
13
Let c(s) be the third derivative of -s**4/8 - 2*s**3/3 + 7*s**2 + 4*s. Calculate c(-4).
8
Let r(h) be the second derivative of h**3/3 - h**2/2 - 5*h. Let f = -30 + 27. Determine r(f).
-7
Let d(z) be the first derivative of -z**4/4 + 7*z**3/3 - 3*z**2 + 8*z + 354. What is d(6)?
8
Let x be (2 - -1) + (-1 + 1)/(-2). Let a(j) = 69*j**2 - 76*j**2 - 5*j + 4 + j**x + 10*j. Give a(5).
-21
Let l be 6*(-3 + (-33)/(-9)). Suppose 17*m - l = 13*m. Let i(v) = -v**2 - v. Let k(t) = -10*t**2 + t + 1. Let o(g) = 2*i(g) + k(g). Calculate o(m).
-12
Let n = -15 + 21. Let a be 2 - (5 + -3 - 3) - 3. Let i(v) = -2 + 0*v + a*v - v + 4. Give i(n).
-4
Suppose -16 = -k - 3*k - 4*i, -2*k = -4*i - 8. Let d(j) = k*j - 4 + 4 - j + 5. Let x be d(-3). Let s(l) = -l**3 - 4*l**2 - l + 5. What is s(x)?
9
Let f(d) = -5*d**2 - d. Let u(r) = r**3 - 6*r**2 + r - 8. Suppose 7 + 11 = 3*h. Let i be u(h). Calculate f(i).
-18
Let j(n) be the first derivative of -n**5/40 - n**4/12 - 43*n**3/3 - 31. Let o(t) be the third derivative of j(t). Determine o(-4).
10
Let t(c) = c**2 - 22*c - 199. Let q be t(-7). Let i(x) = x**2 - x - 6. What is i(q)?
6
Suppose 4*y + y - 6 = 3*n, -2*n - 4 = 0. Suppose y = -4*d + 7*d + 12. Let h(v) = 5*v**2 + 4 - 2*v**2 + v**2 + v**3. What is h(d)?
4
Suppose -1369 = -66*h + 83. Let d(i) = -2*i**2 + 44*i - 6. Calculate d(h).
-6
Let o(p) be the third derivative of -5/24*p**4 + 0 + 2*p**2 + 0*p + 1/60*p**5 + 1/6*p**3. What is o(5)?
1
Let y(a) = a + 14. Suppose -3*n + 23 = 56. Let c be y(n). Let k(s) = c*s - 574 + 574. Determine k(-1).
-3
Let a(x) = 3*x + 23. Let n(l) = 2*l + 15. Let g(y) = 5*a(y) - 8*n(y). Let r be (3 + -1)*15/6. Let i = r + -11. Determine g(i).
1
Let d(p) = p**3 - p + 3. Let l be d(-2). Let x be (24/16)/(l/(-10)). Let j(h) = -h**2 + 7*h - 1. Calculate j(x).
9
Let d(f) = -6*f**3 + f**2 - f - 1. Suppose 0 = 2267*z - 2278*z + 33. Let b be ((-2)/(-3))/1*3. Suppose 11 = -b*u - 3*n, 5*u - n - z*n = 7. Give d(u).
7
Let r(z) = -4*z - 8. Let h(c) = -6*c + 108. Let d be h(18). Give r(d).
-8
Suppose 12 + 60 = -8*g. Let s(r) = r**3 + 7*r**2 - 18*r + 5. Let v be s(g). Let p(f) = -f**3 + 4*f**2 + f - 3. What is p(v)?
-23
Let c = -1698 + 1696. Let f(h) = -6*h - 6. Calculate f(c).
6
Let p(z) be the third derivative of 0*z + 0 - 8*z**2 + 1/4*z**4 + 2/3*z**3. Determine p(-3).
-14
Suppose 5*m - 5*y + 13 = 3, 0 = 2*y - 8. Let b(t) = 5 - 1 - m*t - 14. Give b(-7).
4
Let y(b) be the third derivative of 0 + 0*b - 1/30*b**5 + 2/3*b**3 - 1/12*b**4 + 21*b**2. What is y(-3)?
-8
Let r(z) = z - 20. Let p be r(20). Suppose -2*a - 53 + 41 = p. Let d(s) = -s**3 - 6*s**2 - 2*s - 5. Calculate d(a).
7
Let o(t) be the second derivative of -1/2*t**2 + 0 + 1/12*t**4 - 1/10*t**5 - 16*t + 1/6*t**3. Determine o(1).
-1
Suppose -2*i + i + 2 = 0. Suppose 0 = -i*f + 10. Suppose -2*r + f*r + 9 = 0. Let q(d) = -2*d - 2. What is q(r)?
4
Let i(o) = 342*o + 5 - 14 + o**2 - 349*o. Determine i(8).
-1
Let g be 98/(-6)*(2 - 5). Suppose 11 = 5*s - g. Let c be s/9*12/8. Let w(a) = 3*a**2 - 2*a + 3. Determine w(c).
11
Let p(g) = 4*g - 3. Suppose 3*x - 23 + 2 = 0. Let t(a) = -5*a + 4. Let z(k) = x*p(k) + 6*t(k). Give z(2).
-1
Let f(u) = 7. Let t(n) = -1. Let z(w) = -f(w) - 6*t(w). Let a be 10/5*(3 + 12/(-3)). Let p(q) = q + 7. Let v(m) = a*p(m) - 22*z(m). Calculate v(6).
-4
Let y = -19 - -19. Let d(z) = z**3 - 3*z**2 + z + 17. Determine d(y).
17
Let x(d) = -13*d**2 + 2*d + 1. Let v(m) = -10*m**2 + 1. Suppose -5 = 2*h - 4*w - 23, -4*w - 15 = -5*h. Let t be v(h). 